highest common divisor of w and d?
51
Suppose 0 = -5*g - 197 - 1478. Let n = -236 - g. What is the greatest common divisor of 11 and n?
11
Suppose -5*u - 3*i = -321, -6*i = -4*u + 119 + 79. Suppose -2*r + 8 + 16 = 0. What is the greatest common factor of r and u?
12
Suppose -4*t = 33 - 57, 26934 = 3*p + 5*t. What is the greatest common divisor of p and 152?
152
Let i(x) = 91*x**2 + 866*x + 2609. Let q be i(-3). What is the highest common divisor of 320 and q?
10
Let q be (1 + 1 - -4)/2 + -19 + 34. What is the greatest common divisor of q and 4752?
18
Suppose -6*r - 19 = -37. Suppose -t + 3608 = r*t. What is the highest common factor of t and 22?
22
Suppose -852 = 7*y - 12*y - 2*p, y - 4*p = 144. Calculate the greatest common divisor of 182 and y.
14
Let v(x) = -11*x**3 - 4*x**2 - 61*x - 220. Let d be v(-4). What is the greatest common divisor of d and 1909?
83
Let t be (-84 + 0)*17/((-952)/(-240)). Let z = 639 + t. What is the highest common factor of z and 31?
31
Suppose 179 = 3*v - 31. Let b be (-535)/13 - (-4)/26. Let f = b + 69. Calculate the highest common factor of f and v.
14
Let t(y) = -4 - 589*y - 4 + 590*y. Let j be t(15). What is the greatest common factor of 77 and j?
7
Let n(c) = 5*c**2 - 8*c - 7. Let y be n(-1). Suppose -10*r = -y*r - 80. Let v = 11 - 6. What is the greatest common divisor of v and r?
5
Let h be 282/7 - (-2)/(-7). Let w be 11/22*12/21 + 324/42. What is the greatest common divisor of w and h?
8
Suppose 21 = 3*c, 2*j - 114 = 5*c + 49. Let h be (3/2)/(2/44). Calculate the highest common divisor of j and h.
33
Let p be 5 - ((-372)/12 - -13). Calculate the greatest common factor of 7199 and p.
23
Let a = 51 - 48. Suppose 0 = -v + 5*d - 4*d + 809, -3*d + 2451 = a*v. Suppose 2*k - v + 253 = 0. Calculate the highest common factor of 35 and k.
35
Suppose -4*m - 6*m = -m - 1665. What is the greatest common divisor of 407 and m?
37
Let p be (4 - 6)/(52/(-8346)). What is the highest common factor of p and 107?
107
Suppose -17 = -3*q + 2*q. Suppose -2884 + 708 = -8*z. What is the highest common divisor of q and z?
17
Suppose -4*s + 10388 = -4*w, -s - 16*w + 11*w + 2621 = 0. What is the greatest common factor of s and 9?
9
Suppose 0 = -5*k - 17*k. Suppose 2*n + 8*i - 6*i - 94 = k, 0 = -2*i - 10. Calculate the highest common divisor of n and 52.
52
Let n(s) = s**2 - 44*s - 163. Let b be n(81). What is the greatest common divisor of b and 981?
109
Suppose 14*d = -6*d + 180. What is the highest common divisor of d and 369?
9
Let t(m) = -m**3 - 4*m**2 - 4*m - 11. Let f be t(-4). Let g(d) = -7*d + 51. Let u be g(f). Calculate the greatest common divisor of 16 and u.
16
Let m be 12/9*(-2)/4*3. Let s be (-6 - (-108)/20)/(m/30). Calculate the highest common divisor of s and 387.
9
Let b = -1513 - -3349. Suppose 0 = 5*r - 3*f - b + 231, -4*r + 1316 = 4*f. Calculate the highest common factor of r and 81.
81
Let t be 106082/177*(0 - 24/(-4)). Calculate the greatest common divisor of 62 and t.
62
Let t = 50 + -50. Let a be (-3)/(-2)*80/30. Suppose 6*l - 19 = a*l - 3*w, l + 2*w - 10 = t. What is the greatest common divisor of l and 12?
4
Let w = -1142 + 1217. Calculate the greatest common factor of 915 and w.
15
Suppose 0 = -19564*g + 19572*g - 9968. Suppose 0 = 4*u + 3*f - 4 - 55, 2*f = -2*u + 30. Calculate the highest common factor of g and u.
14
Let o(d) = d**3 + 10*d**2 + 80*d + 352. Let x be o(-4). What is the greatest common divisor of 12928 and x?
128
Let v(w) = w**3 + 8*w**2 + w + 11. Let g be v(-8). Suppose -s + 479 = 3*d + g*s, -2*s = -10. What is the greatest common factor of d and 9?
9
Let i be -5 - (-1 + 2) - (-28 + -7918)/29. Calculate the greatest common factor of 12 and i.
4
Let m be 69/(-6)*(-5 - -1). Suppose -393*p + 386*p = -5474. Calculate the highest common divisor of p and m.
46
Suppose -9*z - 2*d + 214 = 0, 98 = 3*z + 60*d - 56*d. Calculate the highest common divisor of z and 25366.
22
Suppose -3*o - 3*x + 150 = -8*x, 2*o + 4*x - 122 = 0. Let c = 407 - 542. Let d = c + 146. Calculate the highest common divisor of d and o.
11
Let s(n) = -17*n**2 - 8*n + 50. Let r be s(4). Let v = -235 - r. Calculate the highest common factor of v and 209.
19
Let w = -396 + 1170. Suppose b + b - 396 = 3*h, -4*b = 3*h - w. What is the greatest common divisor of b and 78?
39
Let c(p) = 1258*p + 47. Let s be c(2). Calculate the greatest common factor of 44 and s.
11
Let s be -9*17/102*-3472. What is the greatest common factor of s and 21?
21
Let k(g) = 80*g**2 + 579*g + 35. Let o be k(-11). Calculate the greatest common divisor of o and 49.
7
Suppose -44*o - 2 = -45*o. Suppose -240 = -2*h - 3*k, -h + 0*k + o*k + 113 = 0. Let t = 155 - h. What is the highest common factor of t and 57?
19
Let z(h) = -128*h + 80. Let x be z(-5). Let y be x/300*(-105)/(-4). Let w = 14 + 28. What is the greatest common divisor of y and w?
21
Let d be 14 + -18 + (8 - -1). Let g(k) = -d*k + 8 + 6 + 6*k. Let q be g(-11). What is the greatest common divisor of q and 15?
3
Let r = 809 + 379. Calculate the greatest common divisor of r and 55.
11
Let j be 147933/162 - (-1 - 14/(-12)). What is the greatest common factor of j and 99?
11
Let r(k) = k**2 + 100*k + 620. Let s be r(-6). Calculate the greatest common divisor of 1624 and s.
56
Let i(u) = -20*u**3 - 2*u**2 + 46*u + 188. Let p be i(-3). What is the greatest common divisor of 1118 and p?
26
Let p(k) = 22897*k + 594. Let m be p(1). What is the highest common factor of 169 and m?
169
Suppose -4*a + 3 + 9 = 0, -5*q - 5*a = -35. Suppose s - 81 = q. Calculate the highest common factor of 119 and s.
17
Suppose -s + 1390 - 345 = h, -4*s + 1045 = h. Suppose 28*f - h = 17*f. Suppose 3*v - 94 = 20. Calculate the highest common factor of f and v.
19
Let y(c) = 71*c + 3361. Let x be y(-47). What is the highest common divisor of 736 and x?
8
Suppose 3357 - 3152 + 9857 = 39*z. Calculate the greatest common factor of 1935 and z.
129
Suppose -81 = -m - 2*m - 3*r, -3*m - r = -75. Let o = 10546 - 10506. What is the highest common divisor of m and o?
8
Let m(d) = -3*d + 13. Let k be m(3). Suppose 5*y - 5*t - 108 - 47 = 0, k*y - 3*t - 125 = 0. Calculate the highest common divisor of 352 and y.
32
Let d = -7633 + 7642. What is the greatest common factor of 24 and d?
3
Let a(b) = b**2 - 33*b + 92. Let s be a(31). Let k be (-4)/12 + 370/s. Calculate the greatest common factor of 324 and k.
12
Suppose -448 = -2*p - 78. Let w = p - -85. Calculate the highest common divisor of w and 20.
10
Suppose -c + 47 - 42 = 0. Suppose -4*o + c*s = o + 25, -o = -3*s + 15. Suppose 5*v + o*v - 240 = 0. What is the highest common factor of 6 and v?
6
Let t be 89 + (-6)/(-9)*(-30)/(-20). Calculate the greatest common factor of 80 and t.
10
Suppose 121*n = -31*n + 8638 + 15986. What is the greatest common divisor of 2646 and n?
54
Let f be ((-5040)/49)/(24/(-84)). Calculate the greatest common factor of f and 765.
45
Let l = 80 - 5. Let n(m) be the third derivative of m**4/8 + m**3/2 + 20*m**2. Let v be n(9). What is the highest common factor of l and v?
15
Suppose -3*m - 2*m + 60 = 5*n, n + 30 = 5*m. Suppose m*p - 208 + 40 = 0. What is the greatest common factor of p and 96?
24
Let j(a) = -138*a + 4. Let b be j(-6). Let d = 50 + b. Suppose 2*p + p - d = -3*l, -l + 278 = -3*p. Calculate the greatest common divisor of 29 and l.
29
Suppose -442*y + 17730 = -427*y. Calculate the greatest common factor of 24 and y.
6
Let s = -1237 + 1768. Let r(p) = 8*p**2 + 32*p - 238. Let f be r(-8). Calculate the greatest common factor of s and f.
9
Suppose -1 = -4*l + 23. Let o be -7*(160/(-28) - -2). Suppose 2*g = o + 46. Calculate the greatest common factor of g and l.
6
Let r = 256 - 214. Let j be (37 + -19)*6/2. Let c = j - 26. What is the highest common factor of c and r?
14
Let j be -4 - 960/(5 + -10). Suppose q + 2*q = -l - j, 3*l + 620 = 5*q. Let n be l/(-2)*((-55)/20 - -5). What is the highest common factor of 25 and n?
25
Let b = -152 + 154. Suppose 0 = 4*x - 3*k - 1, -4*x - 15*k = -17*k - b. Let i(r) = 4*r**2 + 1. Let u be i(x). What is the highest common divisor of u and 65?
5
Suppose 0 = -5*m - c + 850, 0 = -2*m - 3106*c + 3101*c + 317. What is the greatest common divisor of m and 1767?
57
Let y be (3055/30)/47 + -2 + (-4606)/(-12). Calculate the highes